 7*m + 12. Let h be p(4). What is y(h)?
-22
Let g(v) = -5*v - 4. Let n = 54 + 17. Let a = 68 - n. Give g(a).
11
Let x(j) = j**3 - 5*j**2 - 4*j - 7. Let r = 3 + -10. Let u(v) = v**2 - 12*v + 13. Let m be u(12). Let b = m + r. Determine x(b).
5
Let q = 396 + -395. Let a(c) = 6*c**2 + 2*c - 2. Determine a(q).
6
Let a(g) = 174*g - 512*g + 175*g + 165*g + 8. Give a(-3).
2
Let i(t) be the third derivative of -t**4/12 - 2*t**3 - 156*t**2. Calculate i(-6).
0
Let g(z) be the first derivative of 2/3*z**3 - 1/2*z**2 + 56 + 2*z - 1/4*z**4. Calculate g(3).
-10
Let f = -405 + 404. Let z(u) = 13*u**3 + 1. What is z(f)?
-12
Let j(w) = w**2 - 10*w + 2. Let n(x) = -2*x**2 + 21*x - 4. Let m(q) = -5*j(q) - 2*n(q). Let r be 5 + 6*3/18. Determine m(r).
10
Let p(h) = -h**2 - 6*h + 11. Let q(s) = s**2 + 7*s - 10. Let g(v) = 5*p(v) + 4*q(v). Let y(a) be the first derivative of g(a). Calculate y(-7).
12
Let w(c) = -3*c - 50. Let k be w(-20). Suppose k*f + 8 = -2. Let o(j) = 12*j. Calculate o(f).
-12
Let w(a) = a**3 - 17*a**2 + 15*a + 11. Let r be w(16). Let f be (8/(-2))/(r - -6). Let y(u) = u**2 + 5*u - 3. What is y(f)?
-7
Let f(m) = 7*m**2 - m - 15. Let h(u) = -6*u**2 + u + 14. Let o(t) = -4*f(t) - 5*h(t). Let b(g) be the first derivative of o(g). Let c = -1 - 0. What is b(c)?
-5
Let y(g) = g**3 - g**2 - 30*g + 2. Let r be y(6). Let j(m) = -4*m**2 - 3*m + 1. Give j(r).
-21
Let k(u) = -4*u**2 - 1. Let s(z) = 13*z**2 - 12*z + 6. Let d(i) = -3*k(i) - s(i). What is d(11)?
8
Let r(p) = p**3 - 14*p**2 + 11*p + 30. Let n be r(13). Let j(t) = -t + 1. Let h(z) = 7*z - 7. Let k(s) = -h(s) - 6*j(s). Determine k(n).
-3
Let y(x) = -x**2 + 6*x + 4. Let i(r) = 2*r + 1. Let m be i(1). Determine y(m).
13
Let q(g) = g + 14. Let k = 195 + -210. What is q(k)?
-1
Let y(g) = -351 - 354 + 701 + g**2 - 4*g. What is y(-3)?
17
Let u(s) be the first derivative of -s**3/3 + 2*s**2 + 4*s + 185. What is u(4)?
4
Let a(q) = -2*q**2 + q + 1. Let t(f) be the third derivative of -f**6/120 + f**5/30 + f**4/12 + f**3/3 - 23*f**2. Let i be t(3). Determine a(i).
-2
Let b(g) = g**2 - 5*g + 2. Let h be (-1)/((12/32)/(-3)). Let o be 4*(-4)/(h/(-3)). What is b(o)?
8
Let l(n) = -5*n + 2. Let h be l(-1). Let m(g) = 4*g**3 + 7*g**2 + g - 10. Let s(q) = 3*q**3 + 7*q**2 + q - 9. Let r(y) = 4*m(y) - 5*s(y). Determine r(h).
-2
Let a(q) = -2*q**2 - 11*q - 10. Let v be a(-4). Suppose -6*p - v = -3*d - 5*p, 23 = 2*d - 5*p. Let z(f) = -6*f. Calculate z(d).
6
Let a(x) = x**3 + 6 - 9*x - 3*x + 4*x - 5*x**2. Let i(b) = -19*b - 621. Let t be i(-33). Give a(t).
-6
Let n(r) = r - 9*r**2 + 1 - 3*r**3 + 19*r**2 - 8*r**2. What is n(-2)?
31
Let c(h) = 34*h + 1354. Let w be c(-40). Let j(f) be the second derivative of 0*f**3 + 0 + 2*f - 1/20*f**5 - 1/2*f**2 - 1/2*f**4. Calculate j(w).
-1
Let c(s) = 12*s - 2*s**2 - 12*s - 2. Suppose 14*o = 16*o - 4. Calculate c(o).
-10
Suppose -3*c = -0*c + 42. Let h = -29 - -21. Let o = c - h. Let t(s) = -s**2 - 5*s + 1. What is t(o)?
-5
Let y(g) = -4*g - 4. Let w(t) = 7*t + 7. Let a(b) = 3*w(b) + 5*y(b). Let l(u) = u**3 + 4*u**2 + 8. Let n(f) = 2*a(f) - l(f). Give n(-5).
9
Let a(l) be the second derivative of -l**3/6 + 13*l**2/2 - 77*l. Determine a(12).
1
Let z = -94 + 115. Let i(t) = -19 - 17 - 3*t - z + 54. Suppose 0 = -0*w + 5*w + 25. What is i(w)?
12
Suppose 0 = -2*r - 3*r + 100. Suppose r = 5*d + 45. Let n(y) = -y**3 - 6*y**2 - 4*y + 6. Give n(d).
1
Let k be 3/((-6)/(-8)) + (23 - 20). Let z(y) = -2*y**2 + 14*y + 2. Calculate z(k).
2
Let p = 19 + -17. Let v be (p/6)/((-3)/(-36)). Let d(u) = -4*u + u - 2*u + v*u. What is d(-7)?
7
Let u = 42 - 39. Let s(j) = -j. Let i be s(-2). Let h(o) = -5*o**2 + 3*o**3 - o**u - 1 + 6*o**i + o**2. What is h(-2)?
-9
Let z(a) = 9*a - 13. Let j(i) = i - 4. Let l(w) = 3*j(w) - z(w). What is l(2)?
-11
Let s(p) be the third derivative of -2*p**5/15 - p**4/24 - p**3/6 - 95*p**2. Determine s(-1).
-8
Let l(k) = -k + 5. Let i(c) = -6*c - 35. Let v be i(-6). Let m be ((-3)/(-2) - 5)*(-3 + v). Give l(m).
-2
Suppose l + 19 - 23 = 0. Let j(s) = s**2 - 2*s - 3. Determine j(l).
5
Let q(c) = -c**2 + 7*c + 1. Let r be q(7). Suppose 0 = 4*m - 9 + r. Suppose m*f = 10 - 22. Let i(z) = z**3 + 5*z**2 - 5*z - 1. Determine i(f).
-7
Let n(c) = 6*c - 5. Let a(f) = 7*f - 6. Let r(u) = -4*a(u) + 5*n(u). Let m(d) = d**3 - 6*d**2 - 8*d + 11. Let h be m(7). Calculate r(h).
7
Let g = 14 - 18. Let c(a) = -3*a + 5. Let p(u) = -2*u + 6. Let o(t) = g*p(t) + 3*c(t). Calculate o(-8).
-1
Suppose -523*y + 540*y = 170. Let u(f) = f**2 - 9*f - 8. What is u(y)?
2
Let r(x) = 3 - x + 12 + 6 - 23. Give r(0).
-2
Suppose -4*a + 28 = -2*j, -3*j - 10 = -3*a + a. Let v be (-3)/a - (-40)/(-64). Let c(d) = 6*d**2 - 4*d**2 + 5*d**2. Determine c(v).
7
Let n(o) = 7*o**2 + 64*o + 21. Let m be n(-9). Let w(j) = -j**3 + 13*j**2 - 10*j - 23. Calculate w(m).
1
Let m be (-6)/9*3/(-1). Suppose -m*y + 11 = 3*t, -3*y + 2*t - 20 = -4. Let k(g) = 2*g**2 + 2*g - 2. Give k(y).
2
Suppose 3*g + 12 = 0, 403 = -k - 2*k + 5*g. Let t = k + 141. Let n(j) = -j**3 + j**2 + 17. Give n(t).
17
Let c(i) be the first derivative of i**3/3 - 9*i**2/2 + 12*i - 287. What is c(9)?
12
Let m = 17 - 11. Let c(w) = -4*w + m + 3*w + 2*w**3 - w**3. Let i be ((-13 - -26) + -13)*(-2)/4. Determine c(i).
6
Let j(k) = 17*k**3 + 0*k - 4*k - 18*k**3 + 0*k + 3*k**2 + 5*k + 3. Suppose 5*z = -m - 3*m + 10, -4*m + 4 = 2*z. Let r be 1 - z - -1 - -3. Determine j(r).
6
Let y = -102 + 107. Let u(o) = -4*o + 3. What is u(y)?
-17
Let q(k) be the third derivative of k**4/12 + k**3/3 - k**2 + 6*k. Calculate q(3).
8
Let r(n) = -2*n**2 - 3*n - 1. Let y = -10 + 13. Suppose -y*s - 16 = s - 4*u, -u = 2*s + 2. Determine r(s).
-3
Let q(r) = r**3 - 3*r - 1. Let s(a) = a**2 + 1. Suppose 3*f + 5*x + 6 = -1, 3*x = -6. Let m(t) = f*q(t) + 5*s(t). Give m(-6).
-14
Let p(i) be the first derivative of i**4 - 2*i**3/3 - i**2 + 2*i - 7. Let t be p(3). Let w(x) = 82*x**3 + 2 - 3 - t*x**3 + 2*x. Determine w(1).
-3
Let n(x) = -13*x**3 + 3*x**2 + 3*x + 3. Let l(u) = 6*u**3 - u**2 - u - 1. Let d(q) = -5*l(q) - 2*n(q). What is d(-1)?
3
Let o(p) = p**3 - 1. Let k(n) = 16*n**3 + n**2 - n - 5. Let f = 14 - 15. Let t(a) = f*k(a) + 6*o(a). Let u = -154 + 155. What is t(u)?
-11
Let r(q) be the second derivative of q**4/12 - q**3/6 + q**2 - q + 233. Determine r(3).
8
Let b(h) = 8*h**2 - 736*h**3 - 3 - 732*h**3 + 1467*h**3 + 8. Give b(8).
5
Let n(x) be the second derivative of 0 + 3/2*x**2 + 7/6*x**3 + 15*x. What is n(-2)?
-11
Let b = -14 - -20. Let d(l) = l + 2*l - 3*l**2 + 4*l**2 + b - 4. Let t(u) = -u**2 - u - 2. Let x be t(-2). Calculate d(x).
6
Let n(i) = 5*i**2 + i - 2. Let b(d) = -14*d**2 - 4*d + 5. Let f = 30 - 60. Let s = f - -19. Let u(x) = s*n(x) - 4*b(x). What is u(-5)?
2
Let z(s) = s + 2. Let b(a) = -a**2 - 9*a - 2. Let j be b(-6). Let x be 1 - 9/((-36)/j). What is z(x)?
7
Let c(u) = 3*u + 7. Let m(z) = -3*z**3 + 3*z**2 + 4*z + 2. Let x be m(-2). Suppose 30*o = 24*o - x. Give c(o).
-8
Suppose 2*m - 5*q = 2 + 4, -3*m = 3*q - 9. Let f(c) = 4 - 161*c + 82*c - c**2 - 1 + 81*c. Calculate f(m).
0
Let o(l) = 3*l + 4. Let y = 53 + -33. Suppose 11*d + y = -13. Determine o(d).
-5
Let k(c) be the first derivative of -c**3/3 - 9*c**2/2 + 2*c + 222. Determine k(-12).
-34
Let p(u) be the first derivative of 1/2*u**2 + 1/2*u**4 + u**3 - 3 + u. Determine p(-2).
-5
Let h(l) be the second derivative of l**3/6 - 3*l**2 - l - 234. Suppose 5*x - 28 = -3*v + 2*v, -31 = -2*v - 5*x. What is h(v)?
-3
Suppose -12 = 4*b, 5*w = 3*w + b - 15. Let x = -6 - w. Suppose -3*t + 16 = -3*f + 2*t, 4*f - x*t = -25. Let h(d) = d + 2. Give h(f).
-5
Let j be -1 + 4 + -1 + (-1 - 1). Suppose j = -4*x - 8. Let g(w) = 4*w - 2. Give g(x).
-10
Let v be 13*4 - (-4 - (-5 + 5)). Let u = 51 - v. Let g(p) = p**2 + 6*p. Calculate g(u).
-5
Let k(r) be the first derivative of -r**3 + r**2/2 - 10. Let t be -1*0/(-1) + -2. Let c = t + 0. Calculate k(c).
-14
Let i(b) be the first derivative of 5*b**2/2 + b + 741. Suppose -7*x + 2*x = -d, -4*x + d + 1 = 0. Give i(x).
-4
Suppose 4*v - 5*o = 179, o + 114 = 2*v + 29. Let h = v + -40. Let p(c) = -8*c**3 - c**2 + c. Give p(h).
-8
Let t(y) = 15*y + 15. Let b(l) = -3*l + 1. Let c(n) = -n + 1. Let r(d) = b(d) - 2*c(d). Let h(j) = -12*r(j) - t(j). What is h(-4)?
9
Let t(h) = 12 + 0 + 0*h**2 + 10*h + 2